0965?
2, 3, 11, 17, 43
Let x(q) = -2*q**2 + 4*q - 7. Let o be x(-6). Let g = o - -105. Suppose -16 = -h + g. What are the prime factors of h?
2, 3
Suppose -642*z - 127368 = -650*z. List the prime factors of z.
3, 29, 61
Let l = -1230 + 2562. Suppose -2*x - l = -6*x. What are the prime factors of x?
3, 37
Let o = 10 + -4. Let l(v) = -3*v**2 - 25*v - 12. Let d be l(-12). What are the prime factors of (-24)/d - (1 + (-101)/o)?
2
Suppose 2*u = -5 + 11. Suppose -w = -u*w + 48. Let s = w - 19. List the prime factors of s.
5
List the prime factors of ((-4170)/2 + (-21)/(-7))/(14/(-469)).
3, 67, 347
Let u = 8 + -8. Let m(l) = -4*l**2 + 89*l - 64. Let c be m(21). Suppose -8*v + 9*v - 5*x - c = u, 4*v - 209 = 5*x. List the prime factors of v.
2, 7
Suppose 4*a + 4*a = 32. Suppose -2*z - 3*s = -370, a*s - 557 = -5*z + 368. Let l = 260 - z. List the prime factors of l.
3, 5
Let m = 34372 - 25626. What are the prime factors of m?
2, 4373
Suppose t = -3*t - 3*b + 12, -4*t = 5*b - 4. Let k(h) = 104*h + 3. What are the prime factors of k(t)?
3, 11, 19
Suppose -271*s = -402613 - 730654 - 524440. What are the prime factors of s?
3, 2039
Suppose o + 5*i = 3826 + 1182, -3*i - 6 = 0. What are the prime factors of o?
2, 13, 193
List the prime factors of (-913759)/(-63) - 2*(-4)/(-72).
2, 7, 37
Suppose r + 5*k - 19 = -r, -5*r + 16 = 2*k. Suppose -5*v + 2*q = -4111, r*v + 5*q = 515 + 1112. List the prime factors of v.
821
Let n = 89062 + -31707. What are the prime factors of n?
5, 11471
Suppose 5*j = 27 - 2. Suppose 2*v + 1007 = 4*v + 5*c, -j*v - 4*c = -2526. What are the prime factors of v?
2, 11, 23
Suppose 4*k + 164 - 156 = 0, -3*k - 14271 = -5*i. List the prime factors of i.
3, 317
Let o(v) = 2*v**2 + v**3 - v**3 - 16 - 8*v**2 + 3*v - v**3. Let n be o(-7). Suppose 0 = -13*u + n*u + 118. What are the prime factors of u?
2, 59
Let q(r) = -21*r + 189. Let c be q(9). List the prime factors of 409 + 3/(-6)*(0 + c).
409
Let t(b) = -2471*b - 11. Let j be t(-3). Suppose -j = -21*d - 850. What are the prime factors of d?
2, 3, 13
Let j = -215 - -218. What are the prime factors of ((-44)/j + 1)/(3/(-99))?
11, 41
Suppose -4*c = -3*z - 22192, 4*c + z - 33291 = -11083. List the prime factors of c.
7, 13, 61
Let s(u) = -u**3 + u - 1. Let d(f) = -5*f**3 - 11*f**2 + 10*f - 19. Let w(z) = -d(z) + 6*s(z). Suppose 5*l = -0 + 50. List the prime factors of w(l).
73
Let m = -183 - -183. Let w(g) = 16 + 0 + g + 2. What are the prime factors of w(m)?
2, 3
Let q be 3 - ((-16)/4)/1. Suppose -4802 - 1477 = -q*t. What are the prime factors of t?
3, 13, 23
Suppose -8*p + 46220 = -10100. Suppose 48*u + p = 56*u. What are the prime factors of u?
2, 5, 11
Let c = -4894 + 8842. List the prime factors of ((-1)/2)/((-6)/c).
7, 47
Let p = -647 + 6650. What are the prime factors of p?
3, 23, 29
Let m be (15/(-6) + 2)*(-157 + 3). Suppose 0*z = -2*z - 28. Let t = m + z. List the prime factors of t.
3, 7
Suppose 39*n = 22*n + 92140. What are the prime factors of n?
2, 5, 271
Suppose -2*s + s - 2*a + 8 = 0, -3*s - 2*a = -16. Let b = 1678 - 1678. Suppose 0*m + s*m - 268 = b. What are the prime factors of m?
67
Let z = 0 - -6. Let y = 55 + 50. Suppose 5*f + y = z*f. List the prime factors of f.
3, 5, 7
Let m(o) = 40*o - 9. Let t(h) = 5*h - 33. Let b be t(7). Let r be b + -2 + (4 - 1). What are the prime factors of m(r)?
3, 37
Suppose 3*x - 10521 = 4*c + 3078, 0 = -4*x + 4*c + 18140. List the prime factors of x.
19, 239
Suppose -2*r + 3*t = -11 + 2, -3*t = r. Suppose r*b = 3*f + 79 - 7, 2*b - 47 = f. What are the prime factors of b?
23
Let z = 2574 + -4941. List the prime factors of z/(-7) + 60/(-420).
2, 13
Suppose 3*j = -31*d + 27*d + 90873, 2*j + 22699 = d. What are the prime factors of d?
3, 67, 113
Let m be -2*-2*(-2 + 1). Let g = m + -16. Let y = 8 - g. What are the prime factors of y?
2, 7
Let v(r) = r**3 - 13*r**2 - 16*r + 19. Let u be v(14). List the prime factors of ((-867)/u)/(2/6).
17
Suppose -16 = -4*m + 4*w, -4*w = -0*m - 2*m. What are the prime factors of 10530/72 + (-2)/m?
2, 73
Suppose 10 = -3*a - l, -5*a - 2 = -3*a - 4*l. Let u be 3 + -4 + (-9)/a. Suppose -4*o - 4*k + 556 = 0, -u*o + 2*k + 295 = 1. List the prime factors of o.
11, 13
Let q = 44 - 11. Suppose -2402 = q*b - 37*b - 2*s, 2*b + 4*s = 1216. What are the prime factors of b?
2, 13, 23
Suppose -3*m - 4*m + 60367 = 10*m. What are the prime factors of m?
53, 67
Suppose i = 12 - 16. Let w(o) = o**2 - 2*o + 14. List the prime factors of w(i).
2, 19
Suppose -230*w = -235*w + 35, 3*w = -d + 35375. List the prime factors of d.
2, 11, 1607
Let t(o) = 2*o**2 - 40*o - 20. Let f be t(13). Let n = 274 + f. What are the prime factors of n?
2, 3
Let j(n) = -n**3 - 15*n**2 - 17*n - 33. Let x be j(-14). Let d = x - -29. Let l = 89 - d. What are the prime factors of l?
3, 17
Let v be (3 + 10/5)*4. Suppose -4*g = -v, 3*w - 4*g + 11 = -6. Let h = 58 + w. What are the prime factors of h?
59
Let k(v) = 560*v + 1107. What are the prime factors of k(17)?
10627
Suppose 12*w - j - 10143 = 11*w, 3*j = -3*w + 30441. List the prime factors of w.
5, 2029
List the prime factors of 22518/(-6)*((-40)/(-15) + -4).
2, 3, 139
Let p = 1466 + -943. Let s = p + 35. What are the prime factors of s?
2, 3, 31
Let m(d) = 3*d**2 - 8*d - 6. Let w be m(4). Suppose 0 = 7*n + 46 + w. Let p = 29 + n. List the prime factors of p.
3, 7
Let j be ((1100/(-6))/2)/(1/(-18)). Suppose 0 = 5*l - 5*a - j, l = -3*a + 305 + 5. List the prime factors of l.
5, 13
Let g be (1557/12)/(33/44). Let f = g + 341. What are the prime factors of f?
2, 257
Suppose r + 8 = 12. Suppose 5*q - y = 4499, -831 = -3*q + r*y + 1865. What are the prime factors of q?
2, 3, 5
Suppose -5*h + 2*h = 84. Let u = h - -24. What are the prime factors of u/3*114/(-8)?
19
Suppose 0 = 3*o - 2*n, 22 = 5*o - n + 5*n. Suppose 0 = o*p - p. Suppose p = t + 4*t - 15, 273 = 4*k - t. What are the prime factors of k?
3, 23
Let g = 3 - -9. Suppose 5*r + 2163 = g*r. Suppose 3*c - 132 = r. What are the prime factors of c?
3, 7
Let w(o) be the first derivative of 5*o**4/4 + o**3 + 2*o + 11. List the prime factors of w(4).
2, 5, 37
Let b = 20926 - 14755. List the prime factors of b.
3, 11, 17
Let v be (-8)/10 + (-3)/(15/(-44)). Suppose -3*a = 4*u - v, 5*u - 5*a + 1 = 11. Suppose -2*p - z - 51 = -260, -203 = -u*p + 5*z. List the prime factors of p.
2, 13
Let p be 12 - (6 + 1) - 14. What are the prime factors of 1 - (6/9 - (-7809)/p)?
2, 7, 31
Let w(p) = -1742*p + 1839. List the prime factors of w(-10).
19259
Let o(p) = -8*p. Let h = 54 + -51. Let c be o(h). Let y = c + 78. What are the prime factors of y?
2, 3
Suppose -1003 = -2*c + 265. Suppose 2*k = 2*n - c, -n + 3*k + 358 = 49. List the prime factors of n.
3, 107
Let k(o) = 2*o**2 + 290*o + 1372. List the prime factors of k(89).
2, 2689
Let c(n) = n**2 - 6*n + 210. List the prime factors of c(34).
2, 7, 83
Suppose -1380 = 52*l - 58*l. Suppose -25*v + l = -2*v. What are the prime factors of v?
2, 5
List the prime factors of 3865 + -3 - (-5 - 18/(-3)).
3, 11, 13
Let r = -19144 - -52117. What are the prime factors of r?
3, 29, 379
Let p = -10 + 63. Let j be (p/(-2))/((-16)/(-32)). Let h = 91 - j. What are the prime factors of h?
2, 3
Let r = 4526 + -2741. Suppose y + r = 5*m, 2*m - 5*y - 71 = 643. List the prime factors of m.
3, 7, 17
Let m = 20 + -5. Let h(c) = -c**3 + 15*c**2 + 7. Let w be h(m). Suppose 0 = -w*b + 5*b + 120. List the prime factors of b.
2, 3, 5
Suppose 113*t = 2564760 + 258284 + 1049127. List the prime factors of t.
34267
Let c = 13473 + 23065. List the prime factors of c.
2, 18269
Let w(s) = 6*s + 1831. What are the prime factors of w(9)?
5, 13, 29
Let p(q) = 2*q - 25. Suppose 11*k + 16 = 3*k. Let v(b) = -4*b + 51. Let m(a) = k*v(a) - 5*p(a). What are the prime factors of m(-9)?
41
Let t be 15*(-10)/4*(-40)/(-150). Let w be 60/24*((-46)/t + -1). What are the prime factors of (-2 - -1) + 13*w?
2, 29
Let m(s) = -s**3 + s**2 + 46*s + 93. What are the prime factors of m(-18)?
3, 13, 139
Suppose -32*g = 6*g + 20*g. Suppose -3*a - 2*z + 2858 = g, -5*z + 642 + 2219 = 3*a. List the prime factors of a.
2, 7, 17
Let b(m) be the third derivative of 19*m**5/60 + m**3/2 + 6*m**2. Let l be b(-2). Let z = l - 42. List the prime factors of z.
37
Let v be 4 - (36 - 1)*-5. Let o =